{"id":632,"date":"2024-11-03T11:39:09","date_gmt":"2024-11-03T10:39:09","guid":{"rendered":"https:\/\/wp.ola-stromberg.se\/?page_id=632"},"modified":"2025-08-27T14:16:35","modified_gmt":"2025-08-27T12:16:35","slug":"eson-mototsport-bil-dackservice","status":"publish","type":"page","link":"https:\/\/ola-stromberg.se\/index.php\/supportrar\/eson-mototsport-bil-dackservice\/","title":{"rendered":"Privat Supporter"},"content":{"rendered":"\n<div class=\"wp-block-columns is-layout-flex wp-container-core-columns-is-layout-9d6595d7 wp-block-columns-is-layout-flex\">\n<div class=\"wp-block-column is-layout-flow wp-block-column-is-layout-flow\">\n<figure class=\"wp-block-image size-large\"><img loading=\"lazy\" decoding=\"async\" width=\"1024\" height=\"219\" src=\"https:\/\/ola-stromberg.se\/wp-content\/uploads\/2024\/11\/Team-Stromberg-1024x219.jpg\" alt=\"\" class=\"wp-image-719\" srcset=\"https:\/\/ola-stromberg.se\/wp-content\/uploads\/2024\/11\/Team-Stromberg-1024x219.jpg 1024w, https:\/\/ola-stromberg.se\/wp-content\/uploads\/2024\/11\/Team-Stromberg-300x64.jpg 300w, https:\/\/ola-stromberg.se\/wp-content\/uploads\/2024\/11\/Team-Stromberg-768x165.jpg 768w, https:\/\/ola-stromberg.se\/wp-content\/uploads\/2024\/11\/Team-Stromberg.jpg 1153w\" sizes=\"auto, (max-width: 1024px) 100vw, 1024px\" \/><\/figure>\n<\/div>\n<\/div>\n\n\n\n<p><strong>Efter <\/strong>vi blivit pension\u00e4rer s\u00e5 har vi insett att v\u00e5r ekonomi p\u00e5 l\u00e5nga v\u00e4gar inte r\u00e4cker till att \u00e5ka rally f\u00f6r. Driftskostnader f\u00f6rsvinner ju bara rakt ut i luften. \u00c4nd\u00e5 dr\u00f6mde vi om en start i <strong>MSR <\/strong>(Midnattsolsrallyt). Vi hade ju skaffat oss en bil. Den \u00e4r ju ingen kostnad utan en investering som ju alltid g\u00e5r att s\u00e4lja. <br>Av n\u00e5gon anledning fick Motorbloggaren&nbsp;<strong>Tommy Svensson<\/strong>&nbsp;nys om detta. Utan min vetskap s\u00e5 uppmanade han folk att swisha mig pengar. S\u00e5 helt pl\u00f6tsligt b\u00f6rjade det plinga i min telefon. Att det var han som var hj\u00e4rnan bakom f\u00f6rstod jag ju n\u00e4r f\u00f6rsta pengen kom fr\u00e5n honom sj\u00e4lv. Sen kunde jag ju l\u00e4sa i&nbsp;Motorbloggen. P\u00e5 den v\u00e4gen blev det &#8230;och fortsatte s\u00e5.<br><br>Precis som i vilket st\u00f6rre team som helst som inte kan driva verksamheten utan f\u00f6retagspengar och sponsorer s\u00e5 g\u00f6r vi bara likadant. Vi erk\u00e4nner att vi \u00e4r beroende av andra f\u00f6r att kunna ut\u00f6va v\u00e5r \u00e4lskade sport.  <br>Du f\u00e5r mer \u00e4n g\u00e4rna se till att Ditt namn kommer med p\u00e5 listan h\u00e4r bland alla gener\u00f6sa personer.<\/p>\n\n\n\n<div class=\"wp-block-columns is-layout-flex wp-container-core-columns-is-layout-9d6595d7 wp-block-columns-is-layout-flex\">\n<div class=\"wp-block-column is-layout-flow wp-block-column-is-layout-flow\">\n<h2 class=\"wp-block-heading\">Privata Bidragsgivarna f\u00f6r s\u00e4songen 2023 och -24:<\/h2>\n\n\n\n<p><em><strong>Anders Danling,  Anders Hultqvist, Anders Jonsson, Bengt Graneskog, C-G Wilke, Christer Johansson, H\u00e5kan Pettersson, Ingvar H\u00e5kansson, Jimmy Kujanp\u00e4\u00e4, Joachim Widin, John Lundh, Jonas Hult, J\u00f6rgen Richardsson, Kenneth J\u00f6nson,&nbsp;Lars \u00c5kesson, Leif Salander,  Lennart Nyberg, Mats Lundgren, Michael Johansson, Michael Lindberg, Niclas Andersson, Nils Moberg, Patrik Pettersson, Pehter Linge, Per-Ola Alenius, Per Karlsson, Sten-\u00c5ke Rendahl, Tomas Hasselhuhn, Tommy Eklund, Tommy Svensson, Tommy Tuv\u00e4ng, <\/strong><\/em><\/p>\n\n\n\n<p><strong>Ytterligare ett \u00e5r i 1300 Rallycup \u00e4r v\u00e5rt m\u00e5l.<\/strong><\/p>\n<\/div>\n<\/div>\n\n\n\n<hr class=\"wp-block-separator has-alpha-channel-opacity\"\/>\n\n\n\n<h3 class=\"wp-block-heading\"><strong>Under 2025 s\u00e5 har dessa personer bidragit:<\/strong><br><br><strong><em>Nils Moberg, Tommy Eklund, Roger Johnsson, Michael Lindberg, Mikael Erlandsson, S\u00f6ren Karlsson, Peter Karlsson, Pehter Linge, Ronnie Gustafsson, Staffan Andersson, Sten-\u00c5ke Rendahl, <\/em><\/strong><br><br>Utan er, inget rally f\u00f6r oss.<\/h3>\n\n\n\n<div class=\"wp-block-columns is-layout-flex wp-container-core-columns-is-layout-9d6595d7 wp-block-columns-is-layout-flex\">\n<div class=\"wp-block-column is-layout-flow wp-block-column-is-layout-flow\">\n<figure class=\"wp-block-image size-full\"><img loading=\"lazy\" decoding=\"async\" width=\"236\" height=\"157\" src=\"https:\/\/ola-stromberg.se\/wp-content\/uploads\/2024\/11\/th-1.jpeg\" alt=\"\" class=\"wp-image-716\"\/><\/figure>\n<\/div>\n\n\n\n<div class=\"wp-block-column is-layout-flow wp-block-column-is-layout-flow\">\n<h2 class=\"wp-block-heading\"><br><br>070-5735757<\/h2>\n<\/div>\n<\/div>\n\n\n\n<div class=\"wp-block-columns is-layout-flex wp-container-core-columns-is-layout-9d6595d7 wp-block-columns-is-layout-flex\">\n<div class=\"wp-block-column is-layout-flow wp-block-column-is-layout-flow\"><\/div>\n\n\n\n<div class=\"wp-block-column is-layout-flow wp-block-column-is-layout-flow\"><\/div>\n\n\n\n<div class=\"wp-block-column is-layout-flow wp-block-column-is-layout-flow\"><\/div>\n<\/div>\n\n\n\n<p><\/p>\n","protected":false},"excerpt":{"rendered":"<p>Efter vi blivit pension\u00e4rer s\u00e5 har vi insett att v\u00e5r ekonomi p\u00e5 l\u00e5nga v\u00e4gar inte r\u00e4cker till att \u00e5ka rally f\u00f6r. Driftskostnader f\u00f6rsvinner ju bara rakt ut i luften. \u00c4nd\u00e5 dr\u00f6mde vi om en start i MSR (Midnattsolsrallyt). Vi hade &hellip; <a href=\"https:\/\/ola-stromberg.se\/index.php\/supportrar\/eson-mototsport-bil-dackservice\/\">Forts\u00e4tt l\u00e4sa <span class=\"meta-nav\">&rarr;<\/span><\/a><\/p>\n","protected":false},"author":1,"featured_media":0,"parent":190,"menu_order":0,"comment_status":"closed","ping_status":"closed","template":"","meta":{"ngg_post_thumbnail":0,"footnotes":""},"class_list":["post-632","page","type-page","status-publish","hentry"],"_links":{"self":[{"href":"https:\/\/ola-stromberg.se\/index.php\/wp-json\/wp\/v2\/pages\/632","targetHints":{"allow":["GET"]}}],"collection":[{"href":"https:\/\/ola-stromberg.se\/index.php\/wp-json\/wp\/v2\/pages"}],"about":[{"href":"https:\/\/ola-stromberg.se\/index.php\/wp-json\/wp\/v2\/types\/page"}],"author":[{"embeddable":true,"href":"https:\/\/ola-stromberg.se\/index.php\/wp-json\/wp\/v2\/users\/1"}],"replies":[{"embeddable":true,"href":"https:\/\/ola-stromberg.se\/index.php\/wp-json\/wp\/v2\/comments?post=632"}],"version-history":[{"count":8,"href":"https:\/\/ola-stromberg.se\/index.php\/wp-json\/wp\/v2\/pages\/632\/revisions"}],"predecessor-version":[{"id":1303,"href":"https:\/\/ola-stromberg.se\/index.php\/wp-json\/wp\/v2\/pages\/632\/revisions\/1303"}],"up":[{"embeddable":true,"href":"https:\/\/ola-stromberg.se\/index.php\/wp-json\/wp\/v2\/pages\/190"}],"wp:attachment":[{"href":"https:\/\/ola-stromberg.se\/index.php\/wp-json\/wp\/v2\/media?parent=632"}],"curies":[{"name":"wp","href":"https:\/\/api.w.org\/{rel}","templated":true}]}}